(-3 + -1)/((-52)/(-157222)). Let g = b + 20801. Is g a composite number?
False
Suppose 5*t - 3 = 7. Suppose -b + v + 39 = 0, -107 = -3*b + 3*v - t*v. Is 17/b + (-1265)/(-2) prime?
False
Suppose -21*v + 220923 + 489344 = 157904. Is v prime?
False
Let t be 3/6 - 164689/(-14). Let a = t - 3021. Is a a composite number?
True
Let n(y) = 395*y**2 + 55*y + 20. Let f be n(-27). Suppose -34680 = -10*t + f. Is t prime?
True
Let q = -110758 - -196079. Is q prime?
False
Suppose -256*s - 131*s = 123*s - 72209370. Is s a composite number?
False
Suppose g = -2*g + 45. Let s(l) = 3305*l - 1612*l - 1661*l + 17. Is s(g) composite?
True
Is 1914410/((-2)/25 - (-1508)/725) a prime number?
False
Let z(b) = -69*b**2 - 2*b + 3. Let w be z(2). Let l = w + -174. Let a = -228 - l. Is a composite?
False
Let f(x) = x**2 + 17*x + 75. Let v be f(-10). Suppose 2*c - 3804 = v*j - 86039, 2*j - 32894 = -c. Is j a prime number?
True
Let w be 3 - 10/4*48/15. Let q be ((-8)/(-10))/(w/(-17025)). Suppose -2*s = 3*p - 1813, -s - q = -4*s - 3*p. Is s composite?
False
Suppose -4*d = -4*s - 86548, 5*s = -5*d + 9188 + 98977. Is d a composite number?
True
Suppose 38*t + 28 = 40*t. Suppose -t*a + 101083 = -23251. Is a a composite number?
True
Let g(s) = 59468*s**2 - 11*s - 12. Is g(-1) composite?
False
Let k = -706127 + 1124224. Is k composite?
True
Let o = -580790 - -1196167. Is o composite?
True
Let z be 2/(-9) + 480/216. Suppose -z*y = -19*y + 71417. Is y a composite number?
False
Suppose 204*o + 73996 = 4*z + 208*o, 0 = 2*z - 5*o - 36956. Is z a composite number?
False
Let s = -87531 - -230860. Is s a prime number?
True
Let b(s) = -14*s**2 - 8*s + 46. Let j be b(-12). Let l = 1820 - j. Is l composite?
True
Suppose -93*n + 7563657 = 36*n. Is n a prime number?
False
Suppose 23*c - 40118 = -8079. Suppose -4*p = -i + c, 4*i = 3*p + 5117 + 468. Is i a prime number?
False
Suppose 3*f - 5*f + 17738 = 2*y, -44317 = -5*y + 2*f. Suppose x - y = -3*q, -4*q + 2*q + 2*x + 5910 = 0. Let m = 4210 - q. Is m composite?
True
Let d = 42356 + -1087. Is d a composite number?
False
Let c be ((-1)/3*194)/((-20)/1590). Is -4 + -13 + 5 + c prime?
False
Suppose 6*t = -366 - 198. Let f = -39 + 34. Let y = f - t. Is y a prime number?
True
Suppose -37848 = -3*v + 7854. Let g = v + -2395. Is g prime?
False
Let b(z) be the second derivative of -z**5/30 - 31*z**4/24 - 13*z**3/6 + 15*z**2 + 13*z. Let k(x) be the first derivative of b(x). Is k(-12) prime?
True
Is (40420992/480 + (-3)/(-5))*1 prime?
True
Let s be -4 - 15/(30/(-16)). Suppose -w + 7361 = 2*m, -m = -6*m - s*w + 18395. Is m prime?
False
Let k = 3 + 4. Let y(x) = 34*x + 4*x - k - 2*x - 4*x. Is y(6) a prime number?
False
Let b(q) = -q**3 - 18*q**2 + 2*q + 26. Let g be b(-18). Let s(d) = 654*d - 166. Let a(f) = 131*f - 33. Let o(n) = -11*a(n) + 2*s(n). Is o(g) composite?
False
Let z be (38/(-6) - -2)*(4 + -7). Suppose -12*b + z*b = 474. Let i = b + -331. Is i composite?
True
Let k = -49382 - -80928. Is k a composite number?
True
Is 72/(-27) - 14/(-3) - -17465 a composite number?
False
Suppose 32*y = 676501 + 3811211. Is y composite?
True
Suppose 4*r + 41 + 39 = 0. Let g(u) = u + 24. Let a be g(r). Suppose -4*y + 1400 = 5*p, -5*y - 296 = a*p - 2055. Is y prime?
False
Suppose -20*k + 118 = -2. Is (91509/k)/11*2 a composite number?
True
Suppose -55*y - 63289661 = -101*y - 16298775. Is y a prime number?
True
Let n(x) = x**3 + 11*x**2 + 7*x - 3. Let v be n(-11). Let m = v + 76. Is 1 + -133*m/4 a composite number?
True
Suppose -3*m = -4*j + 113999, -2*m - 121463 + 35964 = -3*j. Is j a composite number?
False
Is 4*(4 - (-1029743)/44) composite?
False
Suppose 3*i + 3462 - 411 = 0. Let o be 2 - (10658/18 - (-3)/(-27)). Let d = o - i. Is d composite?
True
Suppose 5*g - 4*s + 7 = -0*s, 3*s - 14 = -5*g. Let w = 30 + -24. Is -1*(-36 - g)/(-5 + w) composite?
False
Suppose -2*m = 11*m + 49*m. Let p(g) = -19*g + 12715. Is p(m) composite?
True
Let u = -142966 - -311965. Is u a composite number?
True
Suppose 53*p - 58*p = -10. Let h(o) = 32*o - 7. Let g(c) = -31*c + 6. Let i(d) = -6*g(d) - 5*h(d). Is i(p) a composite number?
True
Let t(j) = -4*j**3 - 15*j**2 - 16*j - 36. Let o be t(-15). Is o/(0 + 3) + 6 a composite number?
False
Suppose a = p - 246, -6*p - 4*a + 498 = -4*p. Suppose 5*l - x - 3274 = 0, 2*x + p = l - 406. Is l a composite number?
True
Suppose -21*t = -18*t + 24. Is 6/t*(-219612)/9 prime?
True
Suppose -14828766 = 228*o - 54657858. Is o a composite number?
True
Suppose -4*z = -2926 - 6058. Suppose -z = -3*l + 1243. Is l prime?
True
Let a(o) = 7*o + 55. Let x be a(-7). Let t be (4/(-3))/(4/x - 0). Is (t - 3/(-2)) + 3899/2 prime?
True
Suppose y - 96321 = 5*v, -4*y + 220654 = 4*v - 164822. Is y prime?
False
Suppose -4*h - 3*x = 14900, -2*x + 0*x = 8. Let g = h - -10399. Is g prime?
False
Suppose r + 6*i - 4*i + 2 = 0, 2*r - i = 6. Let n be (12/9)/((-4)/(-5694)). Suppose -r*c - n = -7340. Is c prime?
False
Let i = -247 + 259. Suppose 11066 + 9658 = i*c. Is c a composite number?
True
Let i(j) = 119*j**2 + 9*j - 301. Is i(20) a composite number?
True
Suppose 6*c = 3*c + 6. Suppose 41*d - 47*d = 0. Suppose d = c*v - 5*l - 244 - 2420, -5*v + 6679 = -3*l. Is v composite?
True
Let d be (-3)/(-18) + 613144/48. Suppose 2*y = 4*y + 4*r - d, 2*y + 2*r = 12776. Is y a composite number?
False
Let k be 3436/(-6) + (-48)/36. Let f = k + 868. Suppose -s + f = -88. Is s a prime number?
False
Let r(g) = 5*g**2 + 2*g - 33584. Let c be r(0). Is ((c/6)/4)/(76/(-114)) prime?
True
Let y = 228 + 410. Let c = 191 + y. Is c composite?
False
Suppose -w - 3 = -9. Let n(s) = -s**3 + 7*s**2 - 7*s + 10. Let z be n(w). Suppose -3*l + 1645 = z*l. Is l a prime number?
False
Let d = -41 + 106. Let j be (-387)/(-2)*13/(d/(-10)). Let s = j - -740. Is s prime?
True
Let r = -4902 + 2808. Let a = -439 - r. Is a a prime number?
False
Let j(p) = -2125*p**3 + 28*p**2 - 22*p - 90. Is j(-7) prime?
False
Suppose 2*f - 20 + 14 = 0. Suppose 5*p - 4*j - j = -6890, 4126 = -f*p + j. Let l = -705 - p. Is l a composite number?
True
Is ((-3299)/2)/(9723/(-462) + 21) a prime number?
False
Let y(v) = -16344*v - 9465. Is y(-19) composite?
True
Is (-2)/(28/469)*-58 composite?
True
Let j be (-21)/(-9)*447 - 1*-1. Suppose 0 = 4*l - 776 - j. Suppose -7*w = -2*w - l. Is w a composite number?
True
Is 421626/(-9)*7*75/(-350) prime?
True
Suppose 137*c - 8373359 = 100*c. Is c a prime number?
True
Suppose -18*d = -13*d - 50590. Let v = d - 4155. Is v composite?
True
Let k(n) = -859*n + 1965377. Is k(0) a composite number?
False
Suppose 4*c + 84 = -0*c. Suppose -3*k + 2*n = 15 + 3, 5*n = -3*k - 18. Is (3 - (-5684)/c)/(2/k) a composite number?
True
Let f = -29 - -57. Suppose 3*h - 2*l - 2 = -18, f = -5*h + 3*l. Is 1774/h*(-4 + 0) prime?
True
Let i = -299 - -303. Suppose -l = 2*l - 6. Is ((l - i) + 3)*887 a prime number?
True
Let l = 10110897 + -6493054. Is l prime?
True
Let r = 103938 + -64775. Is r composite?
False
Suppose -46*j + 16 = -42*j. Let p be (2330/8)/((-8)/(-96)). Suppose -j*f - 1147 + p = 0. Is f composite?
False
Suppose x = -2*q + 279, 7*x - 9*x + 522 = -5*q. Suppose 3*j + f = x, j + 3*f = 66 + 35. Is j a composite number?
False
Let r be ((-6)/(-10))/(((-24)/6)/(-20)). Suppose -3781 - 744 = -r*j + g, -3*j + 4*g + 4537 = 0. Is j a composite number?
True
Is -4*((-1)/6)/((-20)/(-464370)) prime?
False
Is (-62)/(-4)*((-273)/13 - -2083) a composite number?
True
Let x = 24450 + -10609. Is x a prime number?
True
Suppose -234 = c - 225. Is (c*11/66)/((-6)/51124) composite?
False
Suppose -2821*p - 6172829 = -2834*p. Is p a composite number?
True
Let l be ((-4)/(-16)*8)/((-4)/(-8)). Is (-39)/12 + l/16 + 746 a composite number?
False
Suppose 0 = -2*f - 7*u + 3*u - 2974, -f - u - 1482 = 0. Let i = 2736 + f. Is i prime?
True
Let s = -12611 - -18715. Let a = 9445 - s. Is a composite?
True
Suppose 5*y - 3*n + 118 + 122 = 0, -3*y = 2*n + 125. Let z = 47 + y. Suppose -z*r + r - k + 989 = 0, 5*k + 10 = 0. Is r a composite number?
False
Let z(u) = 608*u**2 + 2*u - 2. Let y be z(3). Suppose -w + 5*w = y. Let t = w - 876. Is t prime?
False
Suppose 30*f + a + 66979 = 25*f, 5*a = -4*f - 53579. Let k = 19167 + f. Is k a prime number?
False
Suppose 0 = 4*m - w - 4*w - 4055, 0 = 2*m - 3*w - 2027. Let o = m + -382. Is o/4*(-168)/(-18) a composi